{"version":"1.0","provider_name":"Touchlink","provider_url":"https:\/\/www.touchlink.fr\/blog","author_name":"touchlink","author_url":"https:\/\/www.touchlink.fr\/blog\/author\/touchlink\/","title":"En chiffres : quels sont les pays africains les plus connect\u00e9s \u00e0 Facebook? - Touchlink","type":"rich","width":600,"height":338,"html":"<blockquote class=\"wp-embedded-content\" data-secret=\"65h3abpdtG\"><a href=\"https:\/\/www.touchlink.fr\/blog\/chiffres-pays-africains-plus-connectes-a-facebook\/\">En chiffres : quels sont les pays africains les plus connect\u00e9s \u00e0 Facebook?<\/a><\/blockquote><iframe sandbox=\"allow-scripts\" security=\"restricted\" src=\"https:\/\/www.touchlink.fr\/blog\/chiffres-pays-africains-plus-connectes-a-facebook\/embed\/#?secret=65h3abpdtG\" width=\"600\" height=\"338\" title=\"\u00ab\u00a0En chiffres : quels sont les pays africains les plus connect\u00e9s \u00e0 Facebook?\u00a0\u00bb &#8212; Touchlink\" data-secret=\"65h3abpdtG\" frameborder=\"0\" marginwidth=\"0\" marginheight=\"0\" scrolling=\"no\" class=\"wp-embedded-content\"><\/iframe><script type=\"text\/javascript\">\n\/* <![CDATA[ *\/\n\/*! This file is auto-generated *\/\n!function(d,l){\"use strict\";l.querySelector&&d.addEventListener&&\"undefined\"!=typeof URL&&(d.wp=d.wp||{},d.wp.receiveEmbedMessage||(d.wp.receiveEmbedMessage=function(e){var t=e.data;if((t||t.secret||t.message||t.value)&&!\/[^a-zA-Z0-9]\/.test(t.secret)){for(var s,r,n,a=l.querySelectorAll('iframe[data-secret=\"'+t.secret+'\"]'),o=l.querySelectorAll('blockquote[data-secret=\"'+t.secret+'\"]'),c=new RegExp(\"^https?:$\",\"i\"),i=0;i<o.length;i++)o[i].style.display=\"none\";for(i=0;i<a.length;i++)s=a[i],e.source===s.contentWindow&&(s.removeAttribute(\"style\"),\"height\"===t.message?(1e3<(r=parseInt(t.value,10))?r=1e3:~~r<200&&(r=200),s.height=r):\"link\"===t.message&&(r=new URL(s.getAttribute(\"src\")),n=new URL(t.value),c.test(n.protocol))&&n.host===r.host&&l.activeElement===s&&(d.top.location.href=t.value))}},d.addEventListener(\"message\",d.wp.receiveEmbedMessage,!1),l.addEventListener(\"DOMContentLoaded\",function(){for(var e,t,s=l.querySelectorAll(\"iframe.wp-embedded-content\"),r=0;r<s.length;r++)(t=(e=s[r]).getAttribute(\"data-secret\"))||(t=Math.random().toString(36).substring(2,12),e.src+=\"#?secret=\"+t,e.setAttribute(\"data-secret\",t)),e.contentWindow.postMessage({message:\"ready\",secret:t},\"*\")},!1)))}(window,document);\n\/* ]]> *\/\n<\/script>\n","thumbnail_url":"https:\/\/www.touchlink.fr\/blog\/wp-content\/uploads\/2017\/01\/afrique-facebook.jpg","thumbnail_width":683,"thumbnail_height":720,"description":"Certes, le r\u00e9seau social de Zuckerberg a envahi le monde et s\u2019est transform\u00e9 en un ph\u00e9nom\u00e8ne social agissant m\u00eame sur plusieurs positions de l\u2019opinion publique. Pour discerner l\u2019utilisation de Facebook dans les pays africains, une \u00e9tude statistique r\u00e9cente a \u00e9t\u00e9 effectu\u00e9e par une entreprise reconnue donnant et analysant le classement des pays avec le plus... En savoir plus"}

En chiffres : quels sont les pays africains les plus connectés à Facebook? - Touchlink

<blockquote class="wp-embedded-content" data-secret="65h3abpdtG"><a href="https://www.touchlink.fr/blog/chiffres-pays-africains-plus-connectes-a-facebook/">En chiffres : quels sont les pays africains les plus connectés à Facebook?</a></blockquote><iframe sandbox="allow-scripts" security="restricted" src="https://www.touchlink.fr/blog/chiffres-pays-africains-plus-connectes-a-facebook/embed/#?secret=65h3abpdtG" width="600" height="338" title="« En chiffres : quels sont les pays africains les plus connectés à Facebook? » &#8212; Touchlink" data-secret="65h3abpdtG" frameborder="0" marginwidth="0" marginheight="0" scrolling="no" class="wp-embedded-content"></iframe><script type="text/javascript">
/* <![CDATA[ */
/*! This file is auto-generated */
!function(d,l){"use strict";l.querySelector&&d.addEventListener&&"undefined"!=typeof URL&&(d.wp=d.wp||{},d.wp.receiveEmbedMessage||(d.wp.receiveEmbedMessage=function(e){var t=e.data;if((t||t.secret||t.message||t.value)&&!/[^a-zA-Z0-9]/.test(t.secret)){for(var s,r,n,a=l.querySelectorAll('iframe[data-secret="'+t.secret+'"]'),o=l.querySelectorAll('blockquote[data-secret="'+t.secret+'"]'),c=new RegExp("^https?:$","i"),i=0;i<o.length;i++)o[i].style.display="none";for(i=0;i<a.length;i++)s=a[i],e.source===s.contentWindow&&(s.removeAttribute("style"),"height"===t.message?(1e3<(r=parseInt(t.value,10))?r=1e3:~~r<200&&(r=200),s.height=r):"link"===t.message&&(r=new URL(s.getAttribute("src")),n=new URL(t.value),c.test(n.protocol))&&n.host===r.host&&l.activeElement===s&&(d.top.location.href=t.value))}},d.addEventListener("message",d.wp.receiveEmbedMessage,!1),l.addEventListener("DOMContentLoaded",function(){for(var e,t,s=l.querySelectorAll("iframe.wp-embedded-content"),r=0;r<s.length;r++)(t=(e=s[r]).getAttribute("data-secret"))||(t=Math.random().toString(36).substring(2,12),e.src+="#?secret="+t,e.setAttribute("data-secret",t)),e.contentWindow.postMessage({message:"ready",secret:t},"*")},!1)))}(window,document);
/* ]]> */
</script>

Certes, le réseau social de Zuckerberg a envahi le monde et s’est transformé en un phénomène social agissant même sur plusieurs positions de l’opinion publique. Pour discerner l’utilisation de Facebook dans les pays africains, une étude statistique récente a été effectuée par une entreprise reconnue donnant et analysant le classement des pays avec le plus... En savoir plus
